or of o and 28?
28
Suppose -45*p = -36*p - 252. Calculate the highest common factor of 532 and p.
28
Let g(j) be the third derivative of j**5/20 - j**4/12 + 4*j**3 + 5*j**2. Let a be g(6). What is the greatest common factor of 90 and a?
30
Suppose 0 = 3*o - 7*o + 56. Let d(b) = -b**2 + 5*b + 2. Let p be d(6). Let r = p - -6. Calculate the greatest common factor of o and r.
2
Let n = 93 - 50. Suppose -2*x = -k - 13, 0 = -5*k + 5*x - 22 - n. Let z = k + 38. Calculate the greatest common factor of 200 and z.
25
Let a be ((-94)/235 + (-203)/5)/(-1). Calculate the greatest common divisor of a and 1312.
41
Let s be (-425593)/(-489) - (4/(-3))/2. Calculate the highest common divisor of 26 and s.
13
Suppose 342 = i + i. Let f(s) = -s**3 + 14*s**2 + 4. Let u be f(14). Suppose 2*r - 37 = -r - u*o, -r + 4 = 3*o. Calculate the highest common factor of r and i.
19
Let h(d) = 6*d - 4. Let i be h(3). Suppose 32*p = -32*p + 9856. Calculate the highest common divisor of i and p.
14
Let p be 0 - 1/(-4) - 53586/(-312). Let r = 325 - p. What is the highest common factor of r and 17?
17
Suppose 0 = 5*u - 408 - 177. Suppose 0 = -18*h + 280 - 46. What is the greatest common factor of u and h?
13
Let l be (3 + -2)*241 - 1. Suppose 0 = 4*b - 7*b + l. Calculate the greatest common divisor of 32 and b.
16
Let j = -57 + 63. Let m be (j/5)/((-8)/(-20)). Let b(f) = f**2 - f + 27. Let s be b(0). What is the highest common factor of m and s?
3
Suppose 0 = -5*l - 5*s + 50, 0 = -5*l - 4*s + 52 - 5. Let a(q) = -1 - l*q + 9 + q + 0. Let o be a(-12). Calculate the highest common factor of 32 and o.
16
Let u = -12 + -12. Let r be (-12)/(-9)*u/(-8). What is the highest common divisor of 28 and r?
4
Let l(c) = -3*c - 18. Let s be l(-6). Suppose s = -2*t + 7*t - 10. Calculate the greatest common divisor of t and 10.
2
Let k(p) = -p**3 - 9*p**2 - 8*p + 2. Let x be k(-8). Suppose -4*v + 31 = 3*r, -13 = -2*r + r - x*v. What is the greatest common factor of r and 5?
5
Suppose 4*s - 404 = -4*l, 4*l - 440 = s + 4*s. What is the greatest common factor of 30 and l?
15
Suppose -12 = -5*w + 78. Suppose 48 - w = 5*k. Calculate the highest common factor of 18 and k.
6
Suppose 0 = -5*c - 2*s - 10, -5*c - 5*s = -0*c + 25. Suppose g = -c*g + 24. Let i be 66/4 + -9 + (-3)/(-6). What is the greatest common divisor of i and g?
8
Suppose 2*b + 3*k - 12 = -2*b, 0 = 2*b + 4*k - 16. Suppose 0 = -5*c + 10, 5*w + c + b*c = 362. Calculate the greatest common divisor of 9 and w.
9
Suppose 36 = -x + 4*x. Let v be (-3176)/(-24) + (-8)/24. What is the highest common divisor of x and v?
12
Let a(d) = -2*d + 2. Let q be a(1). Let r be 21*(-2)/(q + -6). Suppose 90 = -5*t + r*t. Calculate the greatest common divisor of t and 18.
9
Suppose 4*q = 5*v - 149 - 254, 2*v + 3*q = 152. What is the highest common factor of v and 79?
79
Let m = -204 + 237. Calculate the greatest common factor of 132 and m.
33
Let b = 14 - 15. Let q = b + -19. Let s = q + 49. Calculate the highest common divisor of 29 and s.
29
Let o(y) = -y**3 + 5*y**2 - y + 4. Let w be o(5). Let n = w + 24. What is the greatest common factor of n and 46?
23
Let g be (-92)/(-22) - (-4)/(-22). Let r be (-15 - 1)/(g/(-6)). Let o be 0 + 24*(1 - -1). What is the highest common factor of r and o?
24
Suppose 2375 = 4*k + 167. What is the greatest common divisor of 24 and k?
24
Let q(j) = -6 - j - 1 + 7 + 7. Let u be q(-2). What is the highest common divisor of 18 and u?
9
Suppose -2*v + 5*v = 324. Suppose 5*q - v = 27. Calculate the highest common divisor of 27 and q.
27
Let f(v) = -4*v**3 + v**2 - v + 25. Let w be f(0). What is the greatest common factor of w and 400?
25
Let p = 58 - -159. Calculate the greatest common divisor of p and 31.
31
Suppose -61*m - 21 = -64*m. Suppose -4*a - m = -27. What is the highest common divisor of 50 and a?
5
Let r(x) = 2*x**2 + 6*x. Let u = 9 + -6. Let a be (u - -4)/(-1) + 3. Let i be r(a). Calculate the highest common factor of 88 and i.
8
Let p = -183 - -246. Suppose 4*v = v + 21. What is the highest common divisor of p and v?
7
Let b(h) = 6*h - 1. Suppose -j + 2 = -0. Let a be b(j). Let l be (0 - (-1)/3)/((-70)/(-20790)). What is the highest common factor of l and a?
11
Let i be 103/5 + (-4)/(-10). Suppose -3*a - 253 = 2*b, 5*a = 5*b - 0*b + 695. Let s = b + 218. What is the greatest common divisor of s and i?
21
Let z = -26 + 33. Suppose -z*f + 13 + 50 = 0. What is the highest common factor of 9 and f?
9
Let t(y) = -y**3 + y**2 + 8*y + 18. Let z be t(-8). Suppose -5*c = -0*c + z. Let g = 187 + c. Calculate the greatest common divisor of 27 and g.
27
Suppose 2*n - 94 = 3*c + 21, -2*n - 2*c = -140. What is the greatest common factor of n and 13?
13
Suppose 28*c - 8528 = -13*c. What is the greatest common divisor of 26 and c?
26
Suppose -y - 4*h + 47 = 0, 4*y = 8*y + h - 248. What is the highest common factor of 168 and y?
21
Let u be (-3)/(4 - (-23)/(-6)). Let v(i) = i**3 + 18*i**2 + i + 29. Let h be v(u). What is the greatest common divisor of 187 and h?
11
Let v(p) = -p**2 - 7*p. Let m be v(-6). Let r be 0 + 3/(-3) - m. Let d = 47 - r. Calculate the greatest common factor of d and 6.
6
Let l be 5*(-2)/35 - (-58)/7. Let b = 3 + 0. Suppose -c + 49 = 5*r, b*c - 3*r - 207 = 2*r. Calculate the highest common divisor of l and c.
8
Let j = -33 + 19. Let i be (-4)/j + 892/14. Suppose 3*u - 2*d + 31 - 51 = 0, 2*d = -u + 12. Calculate the highest common factor of i and u.
8
Let q be (2 + 1)/6 - 9982/(-92). What is the highest common divisor of q and 981?
109
Let f(z) = 2*z + 76. Let m be f(0). Let g(c) = 5*c - 11. Let d be g(3). What is the highest common divisor of d and m?
4
Let b be 16/(-7) - (-4)/14. Let c(x) = 28*x + 7*x**2 - 1 - 28*x. Let p be c(b). What is the greatest common divisor of 27 and p?
27
Suppose 32*x + 74 = 266. What is the greatest common divisor of 21 and x?
3
Let z = -916 - -990. What is the greatest common divisor of z and 185?
37
Let n(b) = 2*b. Let x be n(8). Let k = 55 - x. Calculate the highest common factor of 351 and k.
39
Let z(k) = -k**3 - k**2 + 8*k + 12. Let u be z(-5). Suppose 14*j - 11*j = 27. What is the highest common factor of j and u?
9
Let y(u) = u - 1. Let i be y(19). Suppose 28 + i = 2*w. What is the highest common divisor of w and 184?
23
Suppose h + 6 = 3*h, 0 = 2*l - 4*h - 296. Suppose 0 = -a - 10*a + l. Calculate the highest common divisor of 126 and a.
14
Let t = -838 - -1000. Calculate the greatest common divisor of 6 and t.
6
Let p = -93 + 63. Let r = p + 43. Calculate the highest common divisor of 143 and r.
13
Suppose 6*n = 3*n + 90. Let d be 23 + 2 + -1 + (-2 - -2). Let u = -18 + d. What is the highest common divisor of n and u?
6
Let q(x) = -1 + x + 0*x + 5. Let j be q(6). Suppose 9 = -3*y, 5*y - 2*y - 321 = -3*f. What is the highest common divisor of f and j?
10
Suppose -2*u - 70 = -3*k, 3*k - 58 = 2*u + 3*u. Let v(o) = -17*o**2 + 11*o**2 + 7*o**2 - 5*o - 1. Let x be v(11). What is the highest common factor of x and k?
13
Let g(s) = 20*s - 8. Let p be g(6). Let u = 22788 + -22772. Calculate the highest common divisor of u and p.
16
Suppose -5*y = 3*k - 54, -k = -9*y + 6*y - 18. Calculate the greatest common divisor of k and 90.
18
Let y be (84/(-2))/(-3) - 2. Let c = -197 - -245. Calculate the highest common factor of y and c.
12
Suppose -3*g + u - 950 = -5*g, -u = g - 474. Calculate the highest common divisor of g and 68.
68
Let f be (-12)/(-10) - 1521/(-45). Calculate the greatest common factor of f and 245.
35
Suppose 3*v - 51 - 48 = 0. What is the highest common divisor of 55 and v?
11
Let b(i) = 170*i + 1. Let c be b(1). Let w = c + -111. Suppose 30 = 2*j - j - 2*t, 4*j - 180 = -4*t. What is the greatest common factor of w and j?
20
Suppose 2*l + 5*j - 201 = 0, -244 = -3*l + 6*j - 2*j. Let a = -548 + 559. Calculate the greatest common factor of a and l.
11
Let a(r) = 2*r**2 + 2*r**2 + 2*r**2 - r + 4 - 5*r**2. Let u be a(-7). Let c = 13 - 3. What is the greatest common divisor of c and u?
10
Suppose o - 21 = -5*h + 4*h, 0 = -5*o + 4*h + 87. Let r = 32 - o. Let f = -42 + 81. Calculate the greatest common divisor of r and f.
13
Suppose -3*q = 4*q. Suppose 0 = -5*k - 5*r - 3 + 153, q = 4*k + r - 108. Let h be k/(-91) - (-93)/7. Calculate the greatest common divisor of h and 65